s -2ad + 6?
-2a7
In base 9, what is 1 - 53?
-52
In base 10, what is 58 - 8?
50
In base 14, what is -1c + -20?
-3c
In base 7, what is -464 + 51?
-413
In base 15, what is 1a - -5?
20
In base 2, what is -1101011101110 - 100?
-1101011110010
In base 15, what is -4 - 74?
-78
In base 6, what is -3 - -40102?
40055
In base 15, what is -b + -21?
-2c
In base 10, what is -299 + 8?
-291
In base 12, what is 3 - 243?
-240
In base 12, what is -35 - -5?
-30
In base 13, what is -3 - -61?
5b
In base 16, what is 8d - -5?
92
In base 9, what is -4 + -48?
-53
In base 11, what is -a - -32?
23
In base 4, what is 11 - 133?
-122
In base 11, what is 1 + -44?
-43
In base 11, what is -33 + -46?
-79
In base 16, what is 0 + 23?
23
In base 8, what is -6 - 2410?
-2416
In base 6, what is 1 + -133?
-132
In base 3, what is -110201 - -110?
-110021
In base 14, what is -27 + -1?
-28
In base 2, what is 110000 - -101110?
1011110
In base 8, what is -7177 + 4?
-7173
In base 8, what is -1 - -2340?
2337
In base 5, what is -244 - 2?
-301
In base 14, what is 8b - 5?
86
In base 3, what is -11 + -2202?
-2220
In base 2, what is -1101 - -1110100111?
1110011010
In base 9, what is -628 + 5?
-623
In base 3, what is -12022020 + 2?
-12022011
In base 16, what is -e + -9?
-17
In base 6, what is -2 + 14221?
14215
In base 5, what is 0 - -344?
344
In base 8, what is -10 - -45?
35
In base 4, what is 2 - 1122?
-1120
In base 12, what is -5 + -ab?
-b4
In base 7, what is -4 - 6032?
-6036
In base 15, what is 1 + -d9?
-d8
In base 14, what is 1bd - 3?
1ba
In base 12, what is -3b + -39?
-78
In base 6, what is 14030 - 2?
14024
In base 14, what is -28 - -3d6?
3ac
In base 14, what is 7 + -48?
-41
In base 12, what is bb18 - 5?
bb13
In base 4, what is 0 - -1011211?
1011211
In base 7, what is -65 - -51?
-14
In base 2, what is -100 - 110010110?
-110011010
In base 15, what is -8 + 9?
1
In base 6, what is 121 + 2?
123
In base 3, what is 10220 - -1?
10221
In base 14, what is 0 + 27?
27
In base 13, what is 86 - -3?
89
In base 8, what is 207505 - -4?
207511
In base 14, what is -5 - 960?
-965
In base 16, what is -46a3 - 3?
-46a6
In base 2, what is 110010 + 100?
110110
In base 9, what is -15 - 125?
-141
In base 8, what is 0 - 1062?
-1062
In base 9, what is -3643 - 0?
-3643
In base 3, what is 10 + -11?
-1
In base 11, what is -6 + 32?
27
In base 7, what is -2 + 1026?
1024
In base 13, what is -19 + -4?
-20
In base 9, what is -56 + 1?
-55
In base 14, what is -4 + 15d?
159
In base 14, what is -265 + d?
-256
In base 3, what is -11 + -2011?
-2022
In base 5, what is 0 + 442?
442
In base 8, what is -564 + -3?
-567
In base 7, what is 1563 + 5?
1601
In base 10, what is 2 - 78?
-76
In base 9, what is 266 + 31?
307
In base 10, what is -55 - -30?
-25
In base 5, what is -4 + 111103?
111044
In base 15, what is 18 + 9e?
b7
In base 4, what is -102 - -100?
-2
In base 14, what is -38 + -4?
-3c
In base 4, what is 231 + 1133?
2030
In base 7, what is -1001 - 4?
-1005
In base 11, what is -5 + -554?
-559
In base 5, what is -1040 - 4?
-1044
In base 10, what is 3 + 10?
13
In base 6, what is 240 - -5?
245
In base 10, what is -196 - 56?
-252
In base 15, what is -b3a + -1?
-b3b
In base 16, what is 60 + -3?
5d
In base 4, what is -32113 + -101?
-32220
In base 11, what is 80 - 5?
76
In base 12, what is -5 - 82?
-87
In base 15, what is -4 + 46a?
466
In base 11, what is -145 - -3?
-142
In base 13, what is -2 + -9a?
-9c
In base 15, what is d - -9a?
a8
In base 4, what is 10 + 2133?
2203
In base 6, what is -2 + 212?
210
In base 15, what is -e + -b?
-1a
In base 14, what is b + -109?
-dc
In base 5, what is -3011 + -2?
-3013
In base 3, what is 0 - -120?
120
In base 5, what is 311 + -13?
243
In base 10, what is -134 - -3?
-131
In base 11, what is -59 - -3?
-56
In base 9, what is -3 - -852?
848
In base 14, what is -1 - 932?
-933
In base 7, what is -621 - 1?
-622
In base 2, what is -1 + 111110?
111101
In base 15, what is 23 - -12?
35
In base 4, what is 33 - 3?
30
In base 7, what is -22 - -106?
54
In base 14, what is -59 - -4d?
-a
In base 9, what is 0 - 48?
-48
In base 16, what is 3 + bd?
c0
In base 6, what is -520 + 12?
-504
In base 2, what is 1101110111 + 0?
1101110111
In base 8, what is 10 - 15?
-5
In base 12, what is -698 - -3?
-695
In base 15, what is 31 - -18?
49
In base 2, what is 101011111110101 + -100?
101011111110001
In base 12, what is -2b066 + 0?
-2b066
In base 13, what is -23 - 3?
-26
In base 8, what is 0 + 66?
66
In base 7, what is -3 - -1243?
1240
In base 4, what is 11 + -32023?
-32012
In base 3, what is 11011 + 21?
11102
In base 16, what is 17 + 45?
5c
In base 12, what is 4 - 4405?
-4401
In base 5, what is 12 - -10?
22
In base 2, what is -11 + -10000101?
-10001000
In base 16, what is -34 - 12?
-46
In base 4, what is 1031 + -11?
1020
In base 15, what is -73 + 21?
-52
In base 12, what is 4 - a7?
-a3
In base 4, what is 1302033 + 3?
1302102
In base 7, what is -1 + -5321?
-5322
In base 4, what is -3023 + 200?
-2223
In base 2, what is 1000000 - 10010?
101110
In base 7, what is -123 - -10?
-113
In base 2, what is -10110110001 - -1?
-10110110000
In base 7, what is -4 - 20?
-24
In base 5, what is 32 + -32?
0
In base 4, what is 111 - -122?
233
In base 3, what is 111220 + 1?
111221
In base 15, what is 7 + -7?
0
In base 15, what is b71 - 9?
b67
In base 16, what is -3c41 - -2?
-3c3f
In base 2, what is -1010011 + 10?
-1010001
In base 8, what is -662 + 5?
-655
In base 3, what is 10 - 122122?
-122112
In base 4, what is 120113 - 1?
120112
In base 4, what is -121 + 22?
-33
In base 16, what is 0 - -7?
7
In base 6, what is -2210 + -1?
-2211
In base 12, what is 31 + -67?
-36
In base 9, what is -6 + 20?
13
In base 16, what is -f0 - a?
-fa
In base 10, what is -2 - 186?
-188
In base 11, what is -18a - 2?
-191
In base 3, what is 111201 + -10?
111121
In base 16, what is -4 - 2e?
-32
In base 6, what is 3 - -1512?
1515
In base 4, what is -320 + 10332?
10012
In base 7, what is -3 - 403?
-406
In base 16, what is 121 - 7?
11a
In base 4, what is 13213 - 1?
13212
In base 5, what is 30 + 2010?
2040
In base 5, what is -3 - 224?
-232
In base 9, what is -7 + 222?
214
In base 2, what is 1000100000 - 100?
1000011100
In base 6, what is -1455 + 1?
-1454
In base 13, what is -10 + -13?
-23
In base 15, what is 2 + 10?
12
In base 14, what is -1 + -525?
-526
In base 5, what is -2003 - 4?
-2012
In base 14, what is -15 - 44?
-59
In base 15, what is -6 - -12?
b
In base 6, what is -1404 - 3?
-1411
In base 14, what is 24 - b5?
-91
In base 9, what is 324 + -5?
318
In base 2, what is -1111001 - 111100?
-10110101
In base 7, what is -5215 - -4?
-5211
In base 13, what is -50 - -5?
-48
In base 16, what is -173 + 4?
-16f
In base 9, what is -4 - 1166?
-1171
In base 10, what is 6 - 37?
-31
In base 2, what is 10001 - -1?
10010
In base 9, what is -17 - 122?
-140
In base 9, what is 5 + 117?
123
In base 6, what is 0 - 23?
-23
In base 12, what is -3 + 194?
191
In base 16, what is -e - 8?
-16
In base 7, what is 346 + 4?
353
In base 11, what is -5 - 35a?
-364
In base 9, what is 11 - -4?
15
In base 9, what is 27 - 10?
17
In base 5, what is -3 + -1?
-4
In base 10, what is 3 + -6884?
-6881
In base 14, what is 4 - 3191?
-318b
In base 11, what is -2 + -998?
-99a
In base 10, what is 7434 + -2?
7432
In base 13, what is -72b - 4?
-732
In base 13, what is -2 - -bb?
b9
In base 6, what is -4231 - 2?
-4233
In base 2, what is -1 - -10001111?
10001110
In base 7, what is 4 - 110?
-103
In base 8, what is -17 - 0?
-17
In base 13, what is 3 - -81?
84
In base 8, what is -3 + 22?
17
In base 3, what is 1011202201 - -2?
1011202210
In base 11, what is 357 - 1?
356
In base 6, what is -30 + -20?
-50
In base 9, what is -7 - 0?
-7
In base 16, what is 96 + 7?
9d
In base 8, what is -4 + -1661?
-1665
In base 16, what is 4 - 5b?
-57
In base 6, what is -2340 - -1?
-2335
In base 13, what is -1b - -162?
144
In base 10, what is 113 + -1?
112
In base 9, what is 1200 + 4?
1204
In base 16, what is 0 - -121?
121
In base 12, what is 5 + 24?
29
In base 4, what is 22103 + 311?
23020
In base 4, what is -20103 + -100?
-20203
In base 13, what is -5 - 1423?
-1428
In base 11, what is -194 + 3?
-191
In base 8, what is 1 - -101?
102
In base 11, what is 2132a - 2?
21328
In base 11, what is -1 - -25?
24
In base 15, what is -4 - 24?
-28
In base 7, what is -4 - -4300?